
In base 3, what is -1101111100 - -1?
-1101111022
In base 14, what is 235 - 5?
230
In base 5, what is 3040001 - 4?
3034442
In base 11, what is -9644 - -a?
-9635
In base 13, what is 59c48 - -2?
59c4a
In base 6, what is 54224230 + -5?
54224221
In base 11, what is 38a - -116?
4a5
In base 15, what is 604 + -1d?
5d6
In base 16, what is 23ce6 + -4?
23ce2
In base 15, what is 3 + e314c?
e3150
In base 6, what is 312 + 301140?
301452
In base 2, what is 101 - -101110001110110111?
101110001110111100
In base 4, what is -1000023 + -30?
-1000113
In base 15, what is -1e552 - -1?
-1e551
In base 12, what is 5 + 175024?
175029
In base 3, what is 111222001102 - -1?
111222001110
In base 10, what is -63 - -83?
20
In base 10, what is -66 - 400?
-466
In base 9, what is -116686 + 13?
-116673
In base 10, what is -3 + -65828?
-65831
In base 4, what is 3203 - -1111?
10320
In base 6, what is 0 - 2350511?
-2350511
In base 14, what is 11d + 999?
ab8
In base 9, what is 53520 - -4?
53524
In base 5, what is -1023130 + -33?
-1023213
In base 7, what is 21 - 614353?
-614332
In base 13, what is -239 + 766?
52a
In base 5, what is 113 + 311002?
311120
In base 5, what is -4 + -4044234?
-4044243
In base 12, what is -255 - 2771?
-2a06
In base 7, what is -100146 + 4?
-100142
In base 3, what is 21110 - -10011121?
10110001
In base 11, what is 260754 + -3?
260751
In base 7, what is 10262 - 241?
10021
In base 10, what is -81 + 33?
-48
In base 7, what is -10 - 62244?
-62254
In base 12, what is b + -2316?
-2307
In base 9, what is 787 + -486?
301
In base 13, what is -21906 - -5?
-21901
In base 7, what is 12564453 + -2?
12564451
In base 5, what is 1222220201 - 2?
1222220144
In base 6, what is -10 - -2150522?
2150512
In base 4, what is -2211232 - -1?
-2211231
In base 2, what is -1100111001000 - -1001?
-1100110111111
In base 14, what is ba + 6add?
6bb9
In base 2, what is 100010 - -10011100010?
10100000100
In base 8, what is -172 - 1026?
-1220
In base 16, what is -2114 + -c?
-2120
In base 12, what is 7820 - -78?
7898
In base 6, what is -22 - -21212?
21150
In base 7, what is 21 - -1661?
2012
In base 4, what is 112222112 - -2?
112222120
In base 11, what is -5504a - -6?
-55044
In base 7, what is 3 + 22512?
22515
In base 15, what is 41 - -131?
172
In base 9, what is -20667 + -2?
-20670
In base 13, what is -153 + -662b?
-6781
In base 2, what is 10000000110 - 1100?
1111111010
In base 4, what is 2130320 + 0?
2130320
In base 5, what is 21 + 2324011?
2324032
In base 16, what is -23 - -1c5c?
1c39
In base 14, what is -b2c6 + 0?
-b2c6
In base 3, what is 1010 - -1120222120?
1121000200
In base 8, what is -31 + -5366?
-5417
In base 15, what is c1d + 2b?
c49
In base 8, what is -726245 + -1?
-726246
In base 13, what is 980c - 3?
9809
In base 12, what is 1152 - 14bb?
-369
In base 16, what is ad - -1f?
cc
In base 12, what is -391 - 33?
-404
In base 12, what is 128 + -203?
-97
In base 9, what is -10170462 - -3?
-10170458
In base 5, what is 11 - 34234?
-34223
In base 4, what is -3 - 313100230?
-313100233
In base 2, what is -11100101110010000110 + -1?
-11100101110010000111
In base 16, what is -c34 + c?
-c28
In base 12, what is 24 - -59b?
603
In base 3, what is -12011 + -10?
-12021
In base 11, what is 392601 + 0?
392601
In base 13, what is -30c8 + -4?
-30cc
In base 14, what is -4259 + 4?
-4255
In base 11, what is -2386 - 740?
-3016
In base 5, what is 3044022 + -3?
3044014
In base 9, what is -33 + -6867?
-7011
In base 9, what is -2136 + 173?
-1853
In base 12, what is 88 + -95?
-9
In base 13, what is 2666 - 8?
265b
In base 9, what is 26 + -14520?
-14483
In base 10, what is 18 + 11462?
11480
In base 11, what is -5189 + 21?
-5168
In base 14, what is -5098 - b?
-50a5
In base 12, what is 7 - -21?
28
In base 8, what is 1662 - -42?
1724
In base 8, what is -136430 + -21?
-136451
In base 6, what is -5233 + -20?
-5253
In base 13, what is -2 - 3524?
-3526
In base 10, what is 0 - -3494?
3494
In base 4, what is 21322202 - -2120?
21330322
In base 6, what is 22 - 10235?
-10213
In base 16, what is 127c - 0?
127c
In base 5, what is 41 - 144220?
-144124
In base 6, what is -1 - -205331?
205330
In base 12, what is 801 + 2a?
82b
In base 6, what is 222242 - 32?
222210
In base 9, what is -1684655 + -5?
-1684661
In base 10, what is -706687 - -2?
-706685
In base 13, what is -2 + 20b0b?
20b09
In base 13, what is 366b + -104?
3567
In base 4, what is 10 - -223122?
223132
In base 12, what is -1 + 5046?
5045
In base 2, what is 1 + -101101101000010000?
-101101101000001111
In base 2, what is 1011101111 + -100001001?
111100110
In base 9, what is 37 + 183?
231
In base 6, what is 1405 + -1421?
-12
In base 2, what is 10100100110111100110 + -101?
10100100110111100001
In base 15, what is -11 + 5b7b?
5b6a
In base 15, what is 3 - -447aa?
447ad
In base 14, what is 182 + -95b9?
-9437
In base 3, what is 12 - 22201110?
-22201021
In base 6, what is 1 + -20221343?
-20221342
In base 15, what is 3 - -199782?
199785
In base 13, what is 1abb2 + -7?
1aba8
In base 8, what is -4 - -3772225?
3772221
In base 4, what is -1 - 1303212?
-1303213
In base 14, what is -db6a + 3?
-db67
In base 14, what is -1 + 87a51?
87a50
In base 7, what is -6242 + -146?
-6421
In base 9, what is 33 - 3337?
-3304
In base 3, what is -1020202 + 22211112?
21120210
In base 6, what is 314055 + -1?
314054
In base 6, what is -4 - -502212?
502204
In base 13, what is 4474 - -c?
4483
In base 10, what is 53 + -3530?
-3477
In base 13, what is -4746 + 19?
-472a
In base 2, what is -10001110 - -1110011010?
1100001100
In base 10, what is 0 + 3087?
3087
In base 13, what is -15b + -634?
-792
In base 15, what is -3 + 4869?
4866
In base 2, what is -110000 - 1000010?
-1110010
In base 9, what is -5 + 1763004?
1762888
In base 11, what is -408 + -337?
-744
In base 3, what is 120 + 11122120102?
11122120222
In base 11, what is -17 - 4a66?
-4a82
In base 10, what is -3019465 - -5?
-3019460
In base 12, what is 804883 + 5?
804888
In base 8, what is -3 + -33475?
-33500
In base 2, what is -1101 + 1000100101010?
1000100011101
In base 12, what is -3 - 1b989?
-1b990
In base 10, what is 2 - -828374?
828376
In base 8, what is 5 + 303003?
303010
In base 16, what is 984 - 8?
97c
In base 5, what is -31313432 - 21?
-31314003
In base 2, what is 10110 + 1110100000110?
1110100011100
In base 10, what is -220 - -217?
-3
In base 15, what is -d + -32514?
-32522
In base 15, what is 13 + d20?
d33
In base 13, what is -110ca6 + -4?
-110caa
In base 15, what is -a - 9813?
-981d
In base 7, what is 1056 - 552?
204
In base 14, what is -dd5 + -b8?
-10ad
In base 13, what is -b30 - 3b?
-b6b
In base 11, what is -80a5 + 314?
-7891
In base 10, what is -118190 - 3?
-118193
In base 11, what is -8 + -6a7?
-704
In base 13, what is 20a - -3bb?
5c8
In base 9, what is 37 - 1454?
-1416
In base 13, what is -131 - 46a5?
-4806
In base 11, what is 770 - 18?
753
In base 8, what is -7421 - 25?
-7446
In base 13, what is -344a4 - -2a?
-34477
In base 13, what is 5 - -9350?
9355
In base 2, what is -1100110 + -1010111?
-10111101
In base 5, what is 313012 - -12?
313024
In base 13, what is 82b82 - -2?
82b84
In base 14, what is -5 + -8b5?
-8ba
In base 7, what is -120 - -146?
26
In base 15, what is 3e + -3721?
-36d2
In base 12, what is 4502 + 14?
4516
In base 12, what is 1 - 141a2?
-141a1
In base 6, what is 320 + -1435?
-1115
In base 10, what is 1530971 + 2?
1530973
In base 8, what is -56572 + -41?
-56633
In base 4, what is -2 - -1033311113?
1033311111
In base 5, what is 13 + 1243032?
1243100
In base 3, what is 120201011001 - -12?
120201011020
In base 3, what is 0 + 12102000?
12102000
In base 3, what is -20010222 - -22?
-20010200
In base 11, what is -438 - -242?
-1a6
In base 7, what is -10 - -113031?
113021
In base 11, what is 1039a - -5?
103a4
In base 4, what is -3 - -11322132?
11322123
In base 12, what is -3 + a870?
a869
In base 14, what is -21c - -a?
-212
In base 4, what is -120012 + -122?
-120200
In base 4, what is -110213 - -32?
-110121
In base 4, what is 210011100 + -20?
210011020
In base 14, what is 19a2 - -7?
19a9
In base 9, what is 13 + -236?
-223
In base 13, what is 5 - -1a61?
1a66
In base 11, what is -9 + 6057a?
60571
In base 4, what is 10122002 + 11?
10122013
In base 5, what is 12301 + -24?
12222
In base 4, what is 2031 + -102012?
-33321
In base 6, what is 2 - -10255